Last updated on 2022-04-24 03:52:34 CEST.
| Flavor | Version | Tinstall | Tcheck | Ttotal | Status | Flags | 
|---|---|---|---|---|---|---|
| r-devel-linux-x86_64-debian-clang | 0.1.3 | 10.16 | 110.57 | 120.73 | NOTE | |
| r-devel-linux-x86_64-debian-gcc | 0.1.3 | 8.42 | 79.28 | 87.70 | NOTE | |
| r-devel-linux-x86_64-fedora-clang | 0.1.3 | 139.09 | NOTE | |||
| r-devel-linux-x86_64-fedora-gcc | 0.1.3 | 118.73 | NOTE | |||
| r-patched-linux-x86_64 | 0.1.3 | 10.62 | 98.83 | 109.45 | NOTE | |
| r-release-linux-x86_64 | 0.1.3 | 9.25 | 92.49 | 101.74 | NOTE | |
| r-release-macos-arm64 | 0.1.3 | NOTE | ||||
| r-release-macos-x86_64 | 0.1.3 | NOTE | ||||
| r-release-windows-x86_64 | 0.1.3 | 53.00 | 119.00 | 172.00 | NOTE | |
| r-oldrel-macos-arm64 | 0.1.3 | NOTE | ||||
| r-oldrel-macos-x86_64 | 0.1.3 | NOTE | ||||
| r-oldrel-windows-ix86+x86_64 | 0.1.3 | 22.00 | 106.00 | 128.00 | NOTE | 
Version: 0.1.3
Check: LazyData
Result: NOTE
      'LazyData' is specified without a 'data' directory
Flavors: r-devel-linux-x86_64-debian-clang, r-devel-linux-x86_64-debian-gcc, r-devel-linux-x86_64-fedora-clang, r-devel-linux-x86_64-fedora-gcc, r-patched-linux-x86_64, r-release-linux-x86_64, r-release-macos-arm64, r-release-macos-x86_64, r-release-windows-x86_64, r-oldrel-macos-arm64, r-oldrel-macos-x86_64, r-oldrel-windows-ix86+x86_64