Last updated on 2022-04-24 03:52:34 CEST.
Flavor | Version | Tinstall | Tcheck | Ttotal | Status | Flags |
---|---|---|---|---|---|---|
r-devel-linux-x86_64-debian-clang | 0.1.0 | 10.03 | 86.95 | 96.98 | NOTE | |
r-devel-linux-x86_64-debian-gcc | 0.1.0 | 6.93 | 63.85 | 70.78 | NOTE | |
r-devel-linux-x86_64-fedora-clang | 0.1.0 | 117.70 | NOTE | |||
r-devel-linux-x86_64-fedora-gcc | 0.1.0 | 99.41 | NOTE | |||
r-patched-linux-x86_64 | 0.1.0 | 8.02 | 81.06 | 89.08 | NOTE | |
r-release-linux-x86_64 | 0.1.0 | 9.07 | 76.44 | 85.51 | NOTE | |
r-release-macos-arm64 | 0.1.0 | NOTE | ||||
r-release-macos-x86_64 | 0.1.0 | NOTE | ||||
r-release-windows-x86_64 | 0.1.0 | 27.00 | 99.00 | 126.00 | NOTE | |
r-oldrel-macos-arm64 | 0.1.0 | NOTE | ||||
r-oldrel-macos-x86_64 | 0.1.0 | NOTE | ||||
r-oldrel-windows-ix86+x86_64 | 0.1.0 | 20.00 | 89.00 | 109.00 | NOTE |
Version: 0.1.0
Check: LazyData
Result: NOTE
'LazyData' is specified without a 'data' directory
Flavors: r-devel-linux-x86_64-debian-clang, r-devel-linux-x86_64-debian-gcc, r-devel-linux-x86_64-fedora-clang, r-devel-linux-x86_64-fedora-gcc, r-patched-linux-x86_64, r-release-linux-x86_64, r-release-macos-arm64, r-release-macos-x86_64, r-release-windows-x86_64, r-oldrel-macos-arm64, r-oldrel-macos-x86_64, r-oldrel-windows-ix86+x86_64