Last updated on 2022-04-24 03:52:34 CEST.
Flavor | Version | Tinstall | Tcheck | Ttotal | Status | Flags |
---|---|---|---|---|---|---|
r-devel-linux-x86_64-debian-clang | 1.0.2 | 4.32 | 59.16 | 63.48 | NOTE | |
r-devel-linux-x86_64-debian-gcc | 1.0.2 | 3.78 | 43.05 | 46.83 | NOTE | |
r-devel-linux-x86_64-fedora-clang | 1.0.2 | 77.77 | NOTE | |||
r-devel-linux-x86_64-fedora-gcc | 1.0.2 | 62.34 | NOTE | |||
r-patched-linux-x86_64 | 1.0.2 | 7.18 | 55.38 | 62.56 | NOTE | |
r-release-linux-x86_64 | 1.0.2 | 3.61 | 52.46 | 56.07 | NOTE | |
r-release-macos-arm64 | 1.0.2 | NOTE | ||||
r-release-macos-x86_64 | 1.0.2 | NOTE | ||||
r-release-windows-x86_64 | 1.0.2 | 18.00 | 72.00 | 90.00 | NOTE | |
r-oldrel-macos-arm64 | 1.0.2 | NOTE | ||||
r-oldrel-macos-x86_64 | 1.0.2 | NOTE | ||||
r-oldrel-windows-ix86+x86_64 | 1.0.2 | 10.00 | 63.00 | 73.00 | NOTE |
Version: 1.0.2
Check: LazyData
Result: NOTE
'LazyData' is specified without a 'data' directory
Flavors: r-devel-linux-x86_64-debian-clang, r-devel-linux-x86_64-debian-gcc, r-devel-linux-x86_64-fedora-clang, r-devel-linux-x86_64-fedora-gcc, r-patched-linux-x86_64, r-release-linux-x86_64, r-release-macos-arm64, r-release-macos-x86_64, r-release-windows-x86_64, r-oldrel-macos-arm64, r-oldrel-macos-x86_64, r-oldrel-windows-ix86+x86_64