Last updated on 2022-04-24 03:52:34 CEST.
Flavor | Version | Tinstall | Tcheck | Ttotal | Status | Flags |
---|---|---|---|---|---|---|
r-devel-linux-x86_64-debian-clang | 0.9.3 | 224.29 | 245.13 | 469.42 | OK | |
r-devel-linux-x86_64-debian-gcc | 0.9.3 | 173.38 | 302.90 | 476.28 | OK | |
r-devel-linux-x86_64-fedora-clang | 0.9.3 | 591.30 | NOTE | |||
r-devel-linux-x86_64-fedora-gcc | 0.9.3 | 645.25 | OK | |||
r-patched-linux-x86_64 | 0.9.3 | 196.26 | 299.69 | 495.95 | OK | |
r-release-linux-x86_64 | 0.9.2 | 193.98 | 160.59 | 354.57 | OK | |
r-release-macos-arm64 | 0.9.2 | NOTE | ||||
r-release-macos-x86_64 | 0.9.2 | NOTE | ||||
r-release-windows-x86_64 | 0.9.2 | 74.00 | 159.00 | 233.00 | OK | |
r-oldrel-macos-arm64 | 0.9.2 | NOTE | ||||
r-oldrel-macos-x86_64 | 0.9.2 | NOTE | ||||
r-oldrel-windows-ix86+x86_64 | 0.9.3 | 419.00 | 198.00 | 617.00 | OK |
Version: 0.9.3
Check: installed package size
Result: NOTE
installed size is 10.9Mb
sub-directories of 1Mb or more:
libs 10.2Mb
Flavor: r-devel-linux-x86_64-fedora-clang
Version: 0.9.2
Check: installed package size
Result: NOTE
installed size is 12.9Mb
sub-directories of 1Mb or more:
libs 12.2Mb
Flavors: r-release-macos-arm64, r-release-macos-x86_64, r-oldrel-macos-arm64, r-oldrel-macos-x86_64