Last updated on 2022-04-24 03:52:34 CEST.
Flavor | Version | Tinstall | Tcheck | Ttotal | Status | Flags |
---|---|---|---|---|---|---|
r-devel-linux-x86_64-debian-clang | 0.7 | 4.95 | 68.08 | 73.03 | NOTE | |
r-devel-linux-x86_64-debian-gcc | 0.7 | 5.04 | 51.22 | 56.26 | NOTE | |
r-devel-linux-x86_64-fedora-clang | 0.7 | 94.15 | NOTE | |||
r-devel-linux-x86_64-fedora-gcc | 0.7 | 76.98 | NOTE | |||
r-patched-linux-x86_64 | 0.7 | 7.07 | 64.31 | 71.38 | NOTE | |
r-release-linux-x86_64 | 0.7 | 7.25 | 61.18 | 68.43 | NOTE | |
r-release-macos-arm64 | 0.7 | NOTE | ||||
r-release-macos-x86_64 | 0.7 | NOTE | ||||
r-release-windows-x86_64 | 0.7 | 22.00 | 79.00 | 101.00 | NOTE | |
r-oldrel-macos-arm64 | 0.7 | NOTE | ||||
r-oldrel-macos-x86_64 | 0.7 | NOTE | ||||
r-oldrel-windows-ix86+x86_64 | 0.7 | 15.00 | 72.00 | 87.00 | NOTE |
Version: 0.7
Check: dependencies in R code
Result: NOTE
Packages in Depends field not imported from:
'splines' 'survival'
These packages need to be imported from (in the NAMESPACE file)
for when this namespace is loaded but not attached.
Flavors: r-devel-linux-x86_64-debian-clang, r-devel-linux-x86_64-debian-gcc, r-devel-linux-x86_64-fedora-clang, r-devel-linux-x86_64-fedora-gcc, r-patched-linux-x86_64, r-release-linux-x86_64, r-release-macos-arm64, r-release-macos-x86_64, r-release-windows-x86_64, r-oldrel-macos-arm64, r-oldrel-macos-x86_64, r-oldrel-windows-ix86+x86_64
Version: 0.7
Check: R code for possible problems
Result: NOTE
IndividualPROC: no visible global function definition for 'survfit'
IndividualPROC: no visible global function definition for 'quantile'
Undefined global functions or variables:
quantile survfit
Consider adding
importFrom("stats", "quantile")
to your NAMESPACE file.
Flavors: r-devel-linux-x86_64-debian-clang, r-devel-linux-x86_64-debian-gcc, r-devel-linux-x86_64-fedora-clang, r-devel-linux-x86_64-fedora-gcc, r-patched-linux-x86_64, r-release-linux-x86_64, r-release-macos-arm64, r-release-macos-x86_64, r-release-windows-x86_64, r-oldrel-macos-arm64, r-oldrel-macos-x86_64, r-oldrel-windows-ix86+x86_64