Last updated on 2022-04-24 03:52:34 CEST.
Flavor | Version | Tinstall | Tcheck | Ttotal | Status | Flags |
---|---|---|---|---|---|---|
r-devel-linux-x86_64-debian-clang | 2.1.1 | 50.49 | 226.14 | 276.63 | OK | |
r-devel-linux-x86_64-debian-gcc | 2.1.1 | 43.62 | 163.76 | 207.38 | OK | |
r-devel-linux-x86_64-fedora-clang | 2.1.1 | 361.00 | OK | |||
r-devel-linux-x86_64-fedora-gcc | 2.1.1 | 317.62 | OK | |||
r-patched-linux-x86_64 | 2.1.1 | 46.08 | 211.40 | 257.48 | OK | |
r-release-linux-x86_64 | 2.1.1 | 41.80 | 193.26 | 235.06 | OK | |
r-release-macos-arm64 | 2.1.1 | OK | ||||
r-release-macos-x86_64 | 2.1.1 | OK | ||||
r-release-windows-x86_64 | 2.1.1 | 10.00 | 8.00 | 18.00 | ERROR | |
r-oldrel-macos-arm64 | 2.1.1 | OK | ||||
r-oldrel-macos-x86_64 | 2.1.1 | OK | ||||
r-oldrel-windows-ix86+x86_64 | 2.1.1 | 114.00 | 341.00 | 455.00 | OK |
Version: 2.1.1
Check: whether package can be installed
Result: ERROR
Installation failed.
Flavor: r-release-windows-x86_64