Last updated on 2022-04-24 03:52:34 CEST.
Flavor | Version | Tinstall | Tcheck | Ttotal | Status | Flags |
---|---|---|---|---|---|---|
r-devel-linux-x86_64-debian-clang | 0.0.0.8 | 405.01 | 123.53 | 528.54 | NOTE | |
r-devel-linux-x86_64-debian-gcc | 0.0.0.8 | 381.68 | 106.87 | 488.55 | NOTE | |
r-devel-linux-x86_64-fedora-clang | 0.0.0.8 | 812.10 | NOTE | |||
r-devel-linux-x86_64-fedora-gcc | 0.0.0.8 | 807.48 | NOTE | |||
r-patched-linux-x86_64 | 0.0.0.8 | 332.94 | 137.02 | 469.96 | NOTE | |
r-release-linux-x86_64 | 0.0.0.8 | 377.80 | 130.63 | 508.43 | NOTE | |
r-release-macos-arm64 | 0.0.0.8 | NOTE | ||||
r-release-macos-x86_64 | 0.0.0.8 | NOTE | ||||
r-release-windows-x86_64 | 0.0.0.8 | 292.00 | 185.00 | 477.00 | NOTE | |
r-oldrel-macos-arm64 | 0.0.0.8 | NOTE | ||||
r-oldrel-macos-x86_64 | 0.0.0.8 | NOTE | ||||
r-oldrel-windows-ix86+x86_64 | 0.0.0.8 | 938.00 | 222.00 | 1160.00 | NOTE |
Version: 0.0.0.8
Check: for GNU extensions in Makefiles
Result: NOTE
GNU make is a SystemRequirements.
Flavors: r-devel-linux-x86_64-debian-clang, r-devel-linux-x86_64-debian-gcc, r-devel-linux-x86_64-fedora-clang, r-devel-linux-x86_64-fedora-gcc, r-patched-linux-x86_64, r-release-linux-x86_64, r-release-macos-arm64, r-release-macos-x86_64, r-release-windows-x86_64, r-oldrel-macos-arm64, r-oldrel-macos-x86_64, r-oldrel-windows-ix86+x86_64
Version: 0.0.0.8
Check: installed package size
Result: NOTE
installed size is 44.3Mb
sub-directories of 1Mb or more:
libs 44.0Mb
Flavors: r-devel-linux-x86_64-fedora-clang, r-release-macos-arm64, r-release-macos-x86_64, r-oldrel-macos-arm64, r-oldrel-macos-x86_64, r-oldrel-windows-ix86+x86_64
Version: 0.0.0.8
Check: dependencies in R code
Result: NOTE
Namespace in Imports field not imported from: ‘RcppParallel’
All declared Imports should be used.
Flavors: r-devel-linux-x86_64-fedora-clang, r-devel-linux-x86_64-fedora-gcc, r-release-macos-arm64, r-release-macos-x86_64, r-oldrel-macos-arm64, r-oldrel-macos-x86_64