Last updated on 2022-04-24 03:52:34 CEST.
Flavor | Version | Tinstall | Tcheck | Ttotal | Status | Flags |
---|---|---|---|---|---|---|
r-devel-linux-x86_64-debian-clang | 1.2.0.1 | 24.63 | 60.84 | 85.47 | NOTE | |
r-devel-linux-x86_64-debian-gcc | 1.2.0.1 | 16.90 | 46.03 | 62.93 | NOTE | |
r-devel-linux-x86_64-fedora-clang | 1.2.0.1 | 114.46 | NOTE | |||
r-devel-linux-x86_64-fedora-gcc | 1.2.0.1 | 91.09 | NOTE | |||
r-patched-linux-x86_64 | 1.2.0.1 | 18.58 | 56.97 | 75.55 | NOTE | |
r-release-linux-x86_64 | 1.2.0.1 | 19.46 | 61.78 | 81.24 | NOTE | |
r-release-macos-arm64 | 1.2.0.1 | NOTE | ||||
r-release-macos-x86_64 | 1.2.0.1 | NOTE | ||||
r-release-windows-x86_64 | 1.2.0.1 | 64.00 | 128.00 | 192.00 | NOTE | |
r-oldrel-macos-arm64 | 1.2.0.1 | NOTE | ||||
r-oldrel-macos-x86_64 | 1.2.0.1 | NOTE | ||||
r-oldrel-windows-ix86+x86_64 | 1.2.0.1 | 53.00 | 120.00 | 173.00 | NOTE |
Version: 1.2.0.1
Check: LazyData
Result: NOTE
'LazyData' is specified without a 'data' directory
Flavors: r-devel-linux-x86_64-debian-clang, r-devel-linux-x86_64-debian-gcc, r-devel-linux-x86_64-fedora-clang, r-devel-linux-x86_64-fedora-gcc, r-patched-linux-x86_64, r-release-linux-x86_64, r-release-macos-arm64, r-release-macos-x86_64, r-release-windows-x86_64, r-oldrel-macos-arm64, r-oldrel-macos-x86_64, r-oldrel-windows-ix86+x86_64