Last updated on 2022-04-24 03:52:34 CEST.
Flavor | Version | Tinstall | Tcheck | Ttotal | Status | Flags |
---|---|---|---|---|---|---|
r-devel-linux-x86_64-debian-clang | 0.1.5 | 11.90 | 96.09 | 107.99 | OK | |
r-devel-linux-x86_64-debian-gcc | 0.1.5 | 8.57 | 69.79 | 78.36 | OK | |
r-devel-linux-x86_64-fedora-clang | 0.1.5 | 136.98 | OK | |||
r-devel-linux-x86_64-fedora-gcc | 0.1.5 | 109.88 | OK | |||
r-patched-linux-x86_64 | 0.1.5 | 8.95 | 87.94 | 96.89 | OK | |
r-release-linux-x86_64 | 0.1.5 | 0.40 | 11.12 | 11.52 | ERROR | |
r-release-macos-arm64 | 0.1.5 | OK | ||||
r-release-macos-x86_64 | 0.1.5 | OK | ||||
r-release-windows-x86_64 | 0.1.5 | 30.00 | 105.00 | 135.00 | OK | |
r-oldrel-macos-arm64 | 0.1.5 | OK | ||||
r-oldrel-macos-x86_64 | 0.1.5 | OK | ||||
r-oldrel-windows-ix86+x86_64 | 0.1.5 | 23.00 | 99.00 | 122.00 | OK |
Version: 0.1.5
Check: package dependencies
Result: ERROR
Package required but not available: ‘prophet’
See section ‘The DESCRIPTION file’ in the ‘Writing R Extensions’
manual.
Flavor: r-release-linux-x86_64