Last updated on 2022-04-24 03:52:34 CEST.
Flavor | Version | Tinstall | Tcheck | Ttotal | Status | Flags |
---|---|---|---|---|---|---|
r-devel-linux-x86_64-debian-clang | 1.0.1 | 2.97 | 42.04 | 45.01 | NOTE | |
r-devel-linux-x86_64-debian-gcc | 1.0.1 | 2.26 | 31.52 | 33.78 | NOTE | |
r-devel-linux-x86_64-fedora-clang | 1.0.1 | 54.14 | NOTE | |||
r-devel-linux-x86_64-fedora-gcc | 1.0.1 | 55.93 | NOTE | |||
r-patched-linux-x86_64 | 1.0.1 | 3.20 | 39.67 | 42.87 | NOTE | |
r-release-linux-x86_64 | 1.0.1 | 1.92 | 38.15 | 40.07 | NOTE | |
r-release-macos-arm64 | 1.0.1 | NOTE | ||||
r-release-macos-x86_64 | 1.0.1 | NOTE | ||||
r-release-windows-x86_64 | 1.0.1 | 18.00 | 59.00 | 77.00 | NOTE | |
r-oldrel-macos-arm64 | 1.0.1 | NOTE | ||||
r-oldrel-macos-x86_64 | 1.0.1 | NOTE | ||||
r-oldrel-windows-ix86+x86_64 | 1.0.1 | 6.00 | 48.00 | 54.00 | NOTE |
Version: 1.0.1
Check: LazyData
Result: NOTE
'LazyData' is specified without a 'data' directory
Flavors: r-devel-linux-x86_64-debian-clang, r-devel-linux-x86_64-debian-gcc, r-devel-linux-x86_64-fedora-clang, r-devel-linux-x86_64-fedora-gcc, r-patched-linux-x86_64, r-release-linux-x86_64, r-release-macos-arm64, r-release-macos-x86_64, r-release-windows-x86_64, r-oldrel-macos-arm64, r-oldrel-macos-x86_64, r-oldrel-windows-ix86+x86_64