Last updated on 2022-04-24 03:52:34 CEST.
| Flavor | Version | Tinstall | Tcheck | Ttotal | Status | Flags | 
|---|---|---|---|---|---|---|
| r-devel-linux-x86_64-debian-clang | 1.0 | 128.49 | 435.36 | 563.85 | NOTE | |
| r-devel-linux-x86_64-debian-gcc | 1.0 | 130.33 | 375.48 | 505.81 | NOTE | |
| r-devel-linux-x86_64-fedora-clang | 1.0 | 750.66 | NOTE | |||
| r-devel-linux-x86_64-fedora-gcc | 1.0 | 746.00 | NOTE | |||
| r-patched-linux-x86_64 | 1.0 | 134.32 | 453.64 | 587.96 | NOTE | |
| r-release-linux-x86_64 | 1.0 | 0.02 | 12.29 | 12.31 | ERROR | |
| r-release-macos-arm64 | 1.0 | NOTE | ||||
| r-release-macos-x86_64 | 1.0 | NOTE | ||||
| r-release-windows-x86_64 | 1.0 | 124.00 | 396.00 | 520.00 | NOTE | |
| r-oldrel-macos-arm64 | 1.0 | NOTE | ||||
| r-oldrel-macos-x86_64 | 1.0 | NOTE | ||||
| r-oldrel-windows-ix86+x86_64 | 1.0 | 230.00 | 9.00 | 239.00 | ERROR | 
Version: 1.0
Check: for GNU extensions in Makefiles
Result: NOTE
    GNU make is a SystemRequirements.
Flavors: r-devel-linux-x86_64-debian-clang, r-devel-linux-x86_64-debian-gcc, r-devel-linux-x86_64-fedora-clang, r-devel-linux-x86_64-fedora-gcc, r-patched-linux-x86_64, r-release-macos-arm64, r-release-macos-x86_64, r-release-windows-x86_64, r-oldrel-macos-arm64, r-oldrel-macos-x86_64
Version: 1.0
Check: installed package size
Result: NOTE
      installed size is 23.6Mb
      sub-directories of 1Mb or more:
        libs  22.9Mb
Flavors: r-devel-linux-x86_64-fedora-clang, r-release-macos-arm64, r-release-macos-x86_64, r-oldrel-macos-arm64, r-oldrel-macos-x86_64
Version: 1.0
Check: dependencies in R code
Result: NOTE
    Namespaces in Imports field not imported from:
      ‘StanHeaders’ ‘methods’ ‘rstantools’
      All declared Imports should be used.
Flavors: r-devel-linux-x86_64-fedora-clang, r-devel-linux-x86_64-fedora-gcc, r-release-macos-arm64, r-release-macos-x86_64, r-oldrel-macos-arm64, r-oldrel-macos-x86_64
Version: 1.0
Check: whether package can be installed
Result: ERROR
    Installation failed.
Flavors: r-release-linux-x86_64, r-oldrel-windows-ix86+x86_64