Last updated on 2022-04-24 03:52:34 CEST.
Flavor | Version | Tinstall | Tcheck | Ttotal | Status | Flags |
---|---|---|---|---|---|---|
r-devel-linux-x86_64-debian-clang | 4.2.6 | 74.18 | 176.26 | 250.44 | NOTE | |
r-devel-linux-x86_64-debian-gcc | 4.2.6 | 60.20 | 125.57 | 185.77 | NOTE | |
r-devel-linux-x86_64-fedora-clang | 4.2.6 | 359.03 | NOTE | |||
r-devel-linux-x86_64-fedora-gcc | 4.2.6 | 331.23 | NOTE | |||
r-patched-linux-x86_64 | 4.2.6 | 71.18 | 161.98 | 233.16 | NOTE | |
r-release-linux-x86_64 | 4.2.6 | 61.69 | 154.20 | 215.89 | NOTE | |
r-release-macos-arm64 | 4.2.6 | NOTE | ||||
r-release-macos-x86_64 | 4.2.6 | NOTE | ||||
r-release-windows-x86_64 | 4.2.6 | 90.00 | 234.00 | 324.00 | NOTE | |
r-oldrel-macos-arm64 | 4.2.6 | NOTE | ||||
r-oldrel-macos-x86_64 | 4.2.6 | NOTE | ||||
r-oldrel-windows-ix86+x86_64 | 4.2.6 | 175.00 | 233.00 | 408.00 | NOTE |
Version: 4.2.6
Check: package dependencies
Result: NOTE
Package suggested but not available for checking: 'SDMTools'
Flavors: r-devel-linux-x86_64-debian-clang, r-devel-linux-x86_64-debian-gcc, r-devel-linux-x86_64-fedora-clang, r-devel-linux-x86_64-fedora-gcc, r-patched-linux-x86_64, r-release-linux-x86_64, r-release-windows-x86_64
Version: 4.2.6
Check: installed package size
Result: NOTE
installed size is 5.6Mb
sub-directories of 1Mb or more:
data 1.5Mb
doc 1.4Mb
libs 2.2Mb
Flavors: r-devel-linux-x86_64-fedora-clang, r-release-macos-arm64, r-release-macos-x86_64, r-oldrel-macos-arm64, r-oldrel-macos-x86_64, r-oldrel-windows-ix86+x86_64
Version: 4.2.6
Check: dependencies in R code
Result: NOTE
Namespace in Imports field not imported from: ‘utils’
All declared Imports should be used.
Flavors: r-devel-linux-x86_64-fedora-clang, r-devel-linux-x86_64-fedora-gcc, r-release-macos-arm64, r-release-macos-x86_64, r-oldrel-macos-arm64, r-oldrel-macos-x86_64
Version: 4.2.6
Check: package dependencies
Result: NOTE
Packages suggested but not available for checking: 'ALDEx2', 'SDMTools'
Flavors: r-release-macos-arm64, r-release-macos-x86_64, r-oldrel-macos-arm64, r-oldrel-macos-x86_64