Last updated on 2022-04-24 03:52:34 CEST.
Flavor | Version | Tinstall | Tcheck | Ttotal | Status | Flags |
---|---|---|---|---|---|---|
r-devel-linux-x86_64-debian-clang | 0.2.4 | 49.13 | 139.54 | 188.67 | OK | |
r-devel-linux-x86_64-debian-gcc | 0.2.4 | 35.29 | 106.11 | 141.40 | OK | |
r-devel-linux-x86_64-fedora-clang | 0.2.4 | 245.53 | OK | |||
r-devel-linux-x86_64-fedora-gcc | 0.2.4 | 213.57 | OK | |||
r-patched-linux-x86_64 | 0.2.4 | 41.44 | 136.21 | 177.65 | OK | |
r-release-linux-x86_64 | 0.2.4 | 41.12 | 131.66 | 172.78 | OK | |
r-release-macos-arm64 | 0.2.4 | NOTE | ||||
r-release-macos-x86_64 | 0.2.4 | NOTE | ||||
r-release-windows-x86_64 | 0.2.4 | 75.00 | 186.00 | 261.00 | OK | |
r-oldrel-macos-arm64 | 0.2.4 | NOTE | ||||
r-oldrel-macos-x86_64 | 0.2.4 | NOTE | ||||
r-oldrel-windows-ix86+x86_64 | 0.2.4 | 98.00 | 244.00 | 342.00 | NOTE |
Version: 0.2.4
Check: installed package size
Result: NOTE
installed size is 5.7Mb
sub-directories of 1Mb or more:
data 2.1Mb
libs 2.9Mb
Flavors: r-release-macos-arm64, r-release-macos-x86_64, r-oldrel-macos-arm64, r-oldrel-macos-x86_64, r-oldrel-windows-ix86+x86_64