Last updated on 2022-04-24 03:52:34 CEST.
Flavor | Version | Tinstall | Tcheck | Ttotal | Status | Flags |
---|---|---|---|---|---|---|
r-devel-linux-x86_64-debian-clang | 0.2 | 5.77 | 67.38 | 73.15 | NOTE | |
r-devel-linux-x86_64-debian-gcc | 0.2 | 5.02 | 50.55 | 55.57 | NOTE | |
r-devel-linux-x86_64-fedora-clang | 0.2 | 91.04 | NOTE | |||
r-devel-linux-x86_64-fedora-gcc | 0.2 | 75.69 | NOTE | |||
r-patched-linux-x86_64 | 0.2 | 6.47 | 63.07 | 69.54 | NOTE | |
r-release-linux-x86_64 | 0.2 | 5.34 | 59.22 | 64.56 | NOTE | |
r-release-macos-arm64 | 0.2 | NOTE | ||||
r-release-macos-x86_64 | 0.2 | NOTE | ||||
r-release-windows-x86_64 | 0.2 | 28.00 | 83.00 | 111.00 | NOTE | |
r-oldrel-macos-arm64 | 0.2 | NOTE | ||||
r-oldrel-macos-x86_64 | 0.2 | NOTE | ||||
r-oldrel-windows-ix86+x86_64 | 0.2 | 16.00 | 74.00 | 90.00 | NOTE |
Version: 0.2
Check: R code for possible problems
Result: NOTE
addIonSatistics: no visible binding for global variable 'median'
adjustOne: no visible binding for global variable 'median'
attachModifications: no visible global function definition for
'na.omit'
avrgLoadingCalculation: no visible binding for global variable 'median'
channelResponses : estimate: no visible binding for global variable
'var'
responseStatisics : func: no visible global function definition for
'aggregate'
testing: no visible global function definition for 'aov'
testingOneshot: no visible global function definition for 'anova'
testingTukey: no visible global function definition for 'TukeyHSD'
Undefined global functions or variables:
TukeyHSD aggregate anova aov median na.omit var
Consider adding
importFrom("stats", "TukeyHSD", "aggregate", "anova", "aov", "median",
"na.omit", "var")
to your NAMESPACE file.
Flavors: r-devel-linux-x86_64-debian-clang, r-devel-linux-x86_64-debian-gcc, r-devel-linux-x86_64-fedora-clang, r-devel-linux-x86_64-fedora-gcc, r-patched-linux-x86_64, r-release-linux-x86_64, r-release-macos-arm64, r-release-macos-x86_64, r-release-windows-x86_64, r-oldrel-macos-arm64, r-oldrel-macos-x86_64, r-oldrel-windows-ix86+x86_64
Version: 0.2
Check: LazyData
Result: NOTE
'LazyData' is specified without a 'data' directory
Flavors: r-devel-linux-x86_64-debian-clang, r-devel-linux-x86_64-debian-gcc, r-devel-linux-x86_64-fedora-clang, r-devel-linux-x86_64-fedora-gcc, r-patched-linux-x86_64, r-release-linux-x86_64, r-release-macos-arm64, r-release-macos-x86_64, r-release-windows-x86_64, r-oldrel-macos-arm64, r-oldrel-macos-x86_64, r-oldrel-windows-ix86+x86_64