Last updated on 2022-04-24 03:52:34 CEST.
Flavor | Version | Tinstall | Tcheck | Ttotal | Status | Flags |
---|---|---|---|---|---|---|
r-devel-linux-x86_64-debian-clang | 2.1.1 | 72.84 | 43.36 | 116.20 | OK | |
r-devel-linux-x86_64-debian-gcc | 2.1.1 | 62.05 | 33.40 | 95.45 | OK | |
r-devel-linux-x86_64-fedora-clang | 2.1.1 | 171.94 | OK | |||
r-devel-linux-x86_64-fedora-gcc | 2.1.1 | 142.90 | OK | |||
r-patched-linux-x86_64 | 2.1.1 | 64.55 | 40.27 | 104.82 | OK | |
r-release-linux-x86_64 | 2.1.1 | 65.34 | 39.62 | 104.96 | OK | |
r-release-macos-arm64 | 2.1.1 | NOTE | ||||
r-release-macos-x86_64 | 2.1.1 | NOTE | ||||
r-release-windows-x86_64 | 2.1.1 | 109.00 | 98.00 | 207.00 | OK | |
r-oldrel-macos-arm64 | 2.1.1 | NOTE | ||||
r-oldrel-macos-x86_64 | 2.1.1 | NOTE | ||||
r-oldrel-windows-ix86+x86_64 | 2.1.1 | 181.00 | 92.00 | 273.00 | NOTE |
Version: 2.1.1
Check: installed package size
Result: NOTE
installed size is 28.3Mb
sub-directories of 1Mb or more:
libs 28.2Mb
Flavors: r-release-macos-arm64, r-release-macos-x86_64, r-oldrel-macos-arm64, r-oldrel-macos-x86_64, r-oldrel-windows-ix86+x86_64