Last updated on 2022-04-24 03:52:34 CEST.
Flavor | Version | Tinstall | Tcheck | Ttotal | Status | Flags |
---|---|---|---|---|---|---|
r-devel-linux-x86_64-debian-clang | 1.2 | 78.57 | 113.97 | 192.54 | OK | |
r-devel-linux-x86_64-debian-gcc | 1.2 | 62.48 | 84.70 | 147.18 | OK | |
r-devel-linux-x86_64-fedora-clang | 1.2 | 266.98 | NOTE | |||
r-devel-linux-x86_64-fedora-gcc | 1.2 | 231.17 | NOTE | |||
r-patched-linux-x86_64 | 1.2 | 66.32 | 107.26 | 173.58 | OK | |
r-release-linux-x86_64 | 1.2 | 65.88 | 100.90 | 166.78 | OK | |
r-release-macos-arm64 | 1.2 | OK | ||||
r-release-macos-x86_64 | 1.2 | OK | ||||
r-release-windows-x86_64 | 1.2 | 76.00 | 142.00 | 218.00 | OK | |
r-oldrel-macos-arm64 | 1.2 | OK | ||||
r-oldrel-macos-x86_64 | 1.2 | OK | ||||
r-oldrel-windows-ix86+x86_64 | 1.2 | 188.00 | 180.00 | 368.00 | OK |
Version: 1.2
Check: compiled code
Result: NOTE
File ‘prototest/libs/prototest.so’:
Found no calls to: ‘R_registerRoutines’, ‘R_useDynamicSymbols’
It is good practice to register native routines and to disable symbol
search.
See ‘Writing portable packages’ in the ‘Writing R Extensions’ manual.
Flavors: r-devel-linux-x86_64-fedora-clang, r-devel-linux-x86_64-fedora-gcc