Last updated on 2022-04-24 03:52:34 CEST.
Flavor | Version | Tinstall | Tcheck | Ttotal | Status | Flags |
---|---|---|---|---|---|---|
r-devel-linux-x86_64-debian-clang | 0.3.0 | 19.65 | 217.09 | 236.74 | OK | |
r-devel-linux-x86_64-debian-gcc | 0.3.0 | 16.11 | 154.76 | 170.87 | OK | |
r-devel-linux-x86_64-fedora-clang | 0.3.0 | 279.50 | NOTE | |||
r-devel-linux-x86_64-fedora-gcc | 0.3.0 | 257.22 | OK | |||
r-patched-linux-x86_64 | 0.3.0 | 17.67 | 201.15 | 218.82 | OK | |
r-release-linux-x86_64 | 0.3.0 | 12.67 | 195.88 | 208.55 | OK | |
r-release-macos-arm64 | 0.3.0 | NOTE | ||||
r-release-macos-x86_64 | 0.3.0 | OK | ||||
r-release-windows-x86_64 | 0.3.0 | 73.00 | 239.00 | 312.00 | OK | |
r-oldrel-macos-arm64 | 0.3.0 | NOTE | ||||
r-oldrel-macos-x86_64 | 0.3.0 | OK | ||||
r-oldrel-windows-ix86+x86_64 | 0.3.0 | 37.00 | 227.00 | 264.00 | OK |
Version: 0.3.0
Check: package dependencies
Result: NOTE
Package suggested but not available for checking: ‘proDA’
Flavors: r-devel-linux-x86_64-fedora-clang, r-release-macos-arm64, r-oldrel-macos-arm64