Last updated on 2022-04-24 03:52:34 CEST.
Flavor | Version | Tinstall | Tcheck | Ttotal | Status | Flags |
---|---|---|---|---|---|---|
r-devel-linux-x86_64-debian-clang | 1.0.1 | 3.80 | 67.10 | 70.90 | NOTE | |
r-devel-linux-x86_64-debian-gcc | 1.0.1 | 3.24 | 49.88 | 53.12 | NOTE | |
r-devel-linux-x86_64-fedora-clang | 1.0.1 | 83.37 | NOTE | |||
r-devel-linux-x86_64-fedora-gcc | 1.0.1 | 69.60 | NOTE | |||
r-patched-linux-x86_64 | 1.0.1 | 3.86 | 63.63 | 67.49 | NOTE | |
r-release-linux-x86_64 | 1.0.1 | 3.82 | 63.33 | 67.15 | NOTE | |
r-release-macos-arm64 | 1.0.1 | NOTE | ||||
r-release-macos-x86_64 | 1.0.1 | NOTE | ||||
r-release-windows-x86_64 | 1.0.1 | 56.00 | 96.00 | 152.00 | NOTE | |
r-oldrel-macos-arm64 | 1.0.1 | NOTE | ||||
r-oldrel-macos-x86_64 | 1.0.1 | NOTE | ||||
r-oldrel-windows-ix86+x86_64 | 1.0.1 | 8.00 | 75.00 | 83.00 | NOTE |
Version: 1.0.1
Check: package dependencies
Result: NOTE
Packages suggested but not available for checking: 'rdtLite', 'rdt'
Flavors: r-devel-linux-x86_64-debian-clang, r-devel-linux-x86_64-debian-gcc, r-devel-linux-x86_64-fedora-clang, r-devel-linux-x86_64-fedora-gcc, r-patched-linux-x86_64, r-release-linux-x86_64
Version: 1.0.1
Check: package dependencies
Result: NOTE
Package suggested but not available for checking: ‘rdt’
Flavors: r-release-macos-arm64, r-release-macos-x86_64, r-release-windows-x86_64, r-oldrel-macos-arm64, r-oldrel-macos-x86_64, r-oldrel-windows-ix86+x86_64