Last updated on 2022-04-24 03:52:34 CEST.
Flavor | Version | Tinstall | Tcheck | Ttotal | Status | Flags |
---|---|---|---|---|---|---|
r-devel-linux-x86_64-debian-clang | 1.0 | 8.19 | 78.35 | 86.54 | NOTE | |
r-devel-linux-x86_64-debian-gcc | 1.0 | 7.17 | 59.47 | 66.64 | NOTE | |
r-devel-linux-x86_64-fedora-clang | 1.0 | 106.71 | NOTE | |||
r-devel-linux-x86_64-fedora-gcc | 1.0 | 90.86 | NOTE | |||
r-patched-linux-x86_64 | 1.0 | 8.20 | 73.32 | 81.52 | NOTE | |
r-release-linux-x86_64 | 1.0 | 7.53 | 71.46 | 78.99 | NOTE | |
r-release-macos-arm64 | 1.0 | NOTE | ||||
r-release-macos-x86_64 | 1.0 | NOTE | ||||
r-release-windows-x86_64 | 1.0 | 26.00 | 92.00 | 118.00 | NOTE | |
r-oldrel-macos-arm64 | 1.0 | NOTE | ||||
r-oldrel-macos-x86_64 | 1.0 | NOTE | ||||
r-oldrel-windows-ix86+x86_64 | 1.0 | 16.00 | 82.00 | 98.00 | NOTE |
Version: 1.0
Check: LazyData
Result: NOTE
'LazyData' is specified without a 'data' directory
Flavors: r-devel-linux-x86_64-debian-clang, r-devel-linux-x86_64-debian-gcc, r-devel-linux-x86_64-fedora-clang, r-devel-linux-x86_64-fedora-gcc, r-patched-linux-x86_64, r-release-linux-x86_64, r-release-macos-arm64, r-release-macos-x86_64, r-release-windows-x86_64, r-oldrel-macos-arm64, r-oldrel-macos-x86_64, r-oldrel-windows-ix86+x86_64