Last updated on 2022-04-24 03:52:34 CEST.
Flavor | Version | Tinstall | Tcheck | Ttotal | Status | Flags |
---|---|---|---|---|---|---|
r-devel-linux-x86_64-debian-clang | 0.3 | 3.14 | 37.46 | 40.60 | NOTE | |
r-devel-linux-x86_64-debian-gcc | 0.3 | 2.75 | 29.27 | 32.02 | NOTE | |
r-devel-linux-x86_64-fedora-clang | 0.3 | 51.04 | NOTE | |||
r-devel-linux-x86_64-fedora-gcc | 0.3 | 38.09 | NOTE | |||
r-patched-linux-x86_64 | 0.3 | 3.06 | 36.85 | 39.91 | NOTE | |
r-release-linux-x86_64 | 0.3 | 3.01 | 35.81 | 38.82 | NOTE | |
r-release-macos-arm64 | 0.3 | NOTE | ||||
r-release-macos-x86_64 | 0.3 | NOTE | ||||
r-release-windows-x86_64 | 0.3 | 42.00 | 53.00 | 95.00 | NOTE | |
r-oldrel-macos-arm64 | 0.3 | NOTE | ||||
r-oldrel-macos-x86_64 | 0.3 | NOTE | ||||
r-oldrel-windows-ix86+x86_64 | 0.3 | 7.00 | 43.00 | 50.00 | NOTE |
Version: 0.3
Check: LazyData
Result: NOTE
'LazyData' is specified without a 'data' directory
Flavors: r-devel-linux-x86_64-debian-clang, r-devel-linux-x86_64-debian-gcc, r-devel-linux-x86_64-fedora-clang, r-devel-linux-x86_64-fedora-gcc, r-patched-linux-x86_64, r-release-linux-x86_64, r-release-macos-arm64, r-release-macos-x86_64, r-release-windows-x86_64, r-oldrel-macos-arm64, r-oldrel-macos-x86_64, r-oldrel-windows-ix86+x86_64