Last updated on 2022-04-24 03:52:34 CEST.
Flavor | Version | Tinstall | Tcheck | Ttotal | Status | Flags |
---|---|---|---|---|---|---|
r-devel-linux-x86_64-debian-clang | 0.1.1 | 48.34 | 452.41 | 500.75 | OK | |
r-devel-linux-x86_64-debian-gcc | 0.1.1 | 40.50 | 332.01 | 372.51 | OK | |
r-devel-linux-x86_64-fedora-clang | 0.1.1 | 619.45 | OK | |||
r-devel-linux-x86_64-fedora-gcc | 0.1.1 | 622.77 | OK | |||
r-patched-linux-x86_64 | 0.1.1 | 46.40 | 419.53 | 465.93 | OK | |
r-release-linux-x86_64 | 0.1.1 | 43.45 | 379.80 | 423.25 | OK | |
r-release-macos-arm64 | 0.1.1 | NOTE | ||||
r-release-macos-x86_64 | 0.1.1 | OK | ||||
r-release-windows-x86_64 | 0.1.1 | 320.00 | 496.00 | 816.00 | OK | |
r-oldrel-macos-arm64 | 0.1.1 | NOTE | ||||
r-oldrel-macos-x86_64 | 0.1.1 | OK | ||||
r-oldrel-windows-ix86+x86_64 | 0.1.1 | 103.00 | 690.00 | 793.00 | OK |
Version: 0.1.1
Check: installed package size
Result: NOTE
installed size is 5.1Mb
sub-directories of 1Mb or more:
data 4.6Mb
Flavors: r-release-macos-arm64, r-oldrel-macos-arm64