Last updated on 2022-04-24 03:52:34 CEST.
Flavor | Version | Tinstall | Tcheck | Ttotal | Status | Flags |
---|---|---|---|---|---|---|
r-devel-linux-x86_64-debian-clang | 0.1.0 | 16.84 | 617.93 | 634.77 | OK | |
r-devel-linux-x86_64-debian-gcc | 0.1.0 | 11.31 | 474.22 | 485.53 | OK | |
r-devel-linux-x86_64-fedora-clang | 0.1.0 | 800.58 | NOTE | |||
r-devel-linux-x86_64-fedora-gcc | 0.1.0 | 693.21 | NOTE | |||
r-patched-linux-x86_64 | 0.1.0 | 11.99 | 589.25 | 601.24 | OK | |
r-release-linux-x86_64 | 0.1.0 | 10.87 | 583.21 | 594.08 | OK | |
r-release-macos-arm64 | 0.1.0 | NOTE | ||||
r-release-macos-x86_64 | 0.1.0 | NOTE | ||||
r-release-windows-x86_64 | 0.1.0 | 28.00 | 673.00 | 701.00 | OK | |
r-oldrel-macos-arm64 | 0.1.0 | NOTE | ||||
r-oldrel-macos-x86_64 | 0.1.0 | NOTE | ||||
r-oldrel-windows-ix86+x86_64 | 0.1.0 | 30.00 | 757.00 | 787.00 | OK |
Version: 0.1.0
Check: dependencies in R code
Result: NOTE
Namespaces in Imports field not imported from:
‘matrixcalc’ ‘tidyr’ ‘utils’
All declared Imports should be used.
Flavors: r-devel-linux-x86_64-fedora-clang, r-devel-linux-x86_64-fedora-gcc, r-release-macos-arm64, r-release-macos-x86_64, r-oldrel-macos-arm64, r-oldrel-macos-x86_64