Last updated on 2022-04-24 03:52:34 CEST.
Flavor | Version | Tinstall | Tcheck | Ttotal | Status | Flags |
---|---|---|---|---|---|---|
r-devel-linux-x86_64-debian-clang | 0.1-2 | 6.15 | 85.14 | 91.29 | NOTE | |
r-devel-linux-x86_64-debian-gcc | 0.1-2 | 5.33 | 62.09 | 67.42 | NOTE | |
r-devel-linux-x86_64-fedora-clang | 0.1-2 | 108.68 | NOTE | |||
r-devel-linux-x86_64-fedora-gcc | 0.1-2 | 93.01 | NOTE | |||
r-patched-linux-x86_64 | 0.1-2 | 6.55 | 77.60 | 84.15 | NOTE | |
r-release-linux-x86_64 | 0.1-2 | 5.61 | 73.57 | 79.18 | NOTE | |
r-release-macos-arm64 | 0.1-2 | NOTE | ||||
r-release-macos-x86_64 | 0.1-2 | NOTE | ||||
r-release-windows-x86_64 | 0.1-2 | 12.00 | 97.00 | 109.00 | NOTE | |
r-oldrel-macos-arm64 | 0.1-2 | NOTE | ||||
r-oldrel-macos-x86_64 | 0.1-2 | NOTE | ||||
r-oldrel-windows-ix86+x86_64 | 0.1-2 | 17.00 | 87.00 | 104.00 | NOTE |
Version: 0.1-2
Check: R code for possible problems
Result: NOTE
mahalanobisComposite: no visible global function definition for
'princomp'
prepareComposite: no visible global function definition for 'cov'
winsorizor : f: no visible global function definition for 'quantile'
Undefined global functions or variables:
cov princomp quantile
Consider adding
importFrom("stats", "cov", "princomp", "quantile")
to your NAMESPACE file.
Flavors: r-devel-linux-x86_64-debian-clang, r-devel-linux-x86_64-debian-gcc, r-devel-linux-x86_64-fedora-clang, r-devel-linux-x86_64-fedora-gcc, r-patched-linux-x86_64, r-release-linux-x86_64, r-release-macos-arm64, r-release-macos-x86_64, r-release-windows-x86_64, r-oldrel-macos-arm64, r-oldrel-macos-x86_64, r-oldrel-windows-ix86+x86_64