Last updated on 2022-04-24 03:52:34 CEST.
Flavor | Version | Tinstall | Tcheck | Ttotal | Status | Flags |
---|---|---|---|---|---|---|
r-devel-linux-x86_64-debian-clang | 1.4.0 | 3.46 | 56.23 | 59.69 | OK | |
r-devel-linux-x86_64-debian-gcc | 1.4.0 | 2.62 | 42.71 | 45.33 | OK | |
r-devel-linux-x86_64-fedora-clang | 1.4.0 | 73.94 | NOTE | |||
r-devel-linux-x86_64-fedora-gcc | 1.4.0 | 59.86 | NOTE | |||
r-patched-linux-x86_64 | 1.4.0 | 4.08 | 53.18 | 57.26 | OK | |
r-release-linux-x86_64 | 1.4.0 | 2.59 | 49.41 | 52.00 | OK | |
r-release-macos-arm64 | 1.4.0 | NOTE | ||||
r-release-macos-x86_64 | 1.4.0 | NOTE | ||||
r-release-windows-x86_64 | 1.4.0 | 16.00 | 79.00 | 95.00 | OK | |
r-oldrel-macos-arm64 | 1.4.0 | NOTE | ||||
r-oldrel-macos-x86_64 | 1.4.0 | NOTE | ||||
r-oldrel-windows-ix86+x86_64 | 1.4.0 | 7.00 | 64.00 | 71.00 | OK |
Version: 1.4.0
Check: dependencies in R code
Result: NOTE
Namespace in Imports field not imported from: ‘raster’
All declared Imports should be used.
Flavors: r-devel-linux-x86_64-fedora-clang, r-devel-linux-x86_64-fedora-gcc, r-release-macos-arm64, r-release-macos-x86_64, r-oldrel-macos-arm64, r-oldrel-macos-x86_64