Last updated on 2022-04-24 03:52:34 CEST.
Flavor | Version | Tinstall | Tcheck | Ttotal | Status | Flags |
---|---|---|---|---|---|---|
r-devel-linux-x86_64-debian-clang | 1.0.1 | 2.92 | 73.47 | 76.39 | OK | |
r-devel-linux-x86_64-debian-gcc | 1.0.1 | 2.54 | 53.44 | 55.98 | OK | |
r-devel-linux-x86_64-fedora-clang | 1.0.1 | 93.01 | NOTE | |||
r-devel-linux-x86_64-fedora-gcc | 1.0.1 | 78.25 | NOTE | |||
r-patched-linux-x86_64 | 1.0.1 | 2.87 | 68.52 | 71.39 | OK | |
r-release-linux-x86_64 | 1.0.1 | 1.92 | 68.26 | 70.18 | OK | |
r-release-macos-arm64 | 1.0.1 | NOTE | ||||
r-release-macos-x86_64 | 1.0.1 | NOTE | ||||
r-release-windows-x86_64 | 1.0.1 | 14.00 | 96.00 | 110.00 | OK | |
r-oldrel-macos-arm64 | 1.0.1 | NOTE | ||||
r-oldrel-macos-x86_64 | 1.0.1 | NOTE | ||||
r-oldrel-windows-ix86+x86_64 | 1.0.1 | 8.00 | 83.00 | 91.00 | OK |
Version: 1.0.1
Check: dependencies in R code
Result: NOTE
Namespaces in Imports field not imported from:
‘devtools’ ‘qpdf’
All declared Imports should be used.
Flavors: r-devel-linux-x86_64-fedora-clang, r-devel-linux-x86_64-fedora-gcc, r-release-macos-arm64, r-release-macos-x86_64, r-oldrel-macos-arm64, r-oldrel-macos-x86_64