Last updated on 2022-04-24 03:52:34 CEST.
Flavor | Version | Tinstall | Tcheck | Ttotal | Status | Flags |
---|---|---|---|---|---|---|
r-devel-linux-x86_64-debian-clang | 1.3.1 | 4.39 | 203.10 | 207.49 | NOTE | |
r-devel-linux-x86_64-debian-gcc | 1.3.1 | 3.74 | 143.14 | 146.88 | NOTE | |
r-devel-linux-x86_64-fedora-clang | 1.3.1 | 234.87 | NOTE | |||
r-devel-linux-x86_64-fedora-gcc | 1.3.1 | 225.03 | NOTE | |||
r-patched-linux-x86_64 | 1.3.1 | 4.56 | 186.77 | 191.33 | NOTE | |
r-release-linux-x86_64 | 1.3.1 | 3.44 | 185.18 | 188.62 | NOTE | |
r-release-macos-arm64 | 1.3.1 | NOTE | ||||
r-release-macos-x86_64 | 1.3.1 | NOTE | ||||
r-release-windows-x86_64 | 1.3.1 | 19.00 | 218.00 | 237.00 | NOTE | |
r-oldrel-macos-arm64 | 1.3.1 | NOTE | ||||
r-oldrel-macos-x86_64 | 1.3.1 | NOTE | ||||
r-oldrel-windows-ix86+x86_64 | 1.3.1 | 8.00 | 223.00 | 231.00 | NOTE |
Version: 1.3.1
Check: LazyData
Result: NOTE
'LazyData' is specified without a 'data' directory
Flavors: r-devel-linux-x86_64-debian-clang, r-devel-linux-x86_64-debian-gcc, r-devel-linux-x86_64-fedora-clang, r-devel-linux-x86_64-fedora-gcc, r-patched-linux-x86_64, r-release-linux-x86_64, r-release-macos-arm64, r-release-macos-x86_64, r-release-windows-x86_64, r-oldrel-macos-arm64, r-oldrel-macos-x86_64, r-oldrel-windows-ix86+x86_64