Last updated on 2022-04-24 03:52:34 CEST.
Flavor | Version | Tinstall | Tcheck | Ttotal | Status | Flags |
---|---|---|---|---|---|---|
r-devel-linux-x86_64-debian-clang | 0.3-19 | 275.34 | 123.05 | 398.39 | OK | |
r-devel-linux-x86_64-debian-gcc | 0.3-19 | 213.92 | 89.59 | 303.51 | OK | |
r-devel-linux-x86_64-fedora-clang | 0.3-19 | 588.16 | NOTE | |||
r-devel-linux-x86_64-fedora-gcc | 0.3-19 | 495.92 | OK | |||
r-patched-linux-x86_64 | 0.3-19 | 230.70 | 111.11 | 341.81 | OK | |
r-release-linux-x86_64 | 0.3-19 | 236.09 | 105.28 | 341.37 | OK | |
r-release-macos-arm64 | 0.3-19 | NOTE | ||||
r-release-macos-x86_64 | 0.3-19 | NOTE | ||||
r-release-windows-x86_64 | 0.3-19 | 199.00 | 177.00 | 376.00 | OK | |
r-oldrel-macos-arm64 | 0.3-19 | NOTE | ||||
r-oldrel-macos-x86_64 | 0.3-19 | NOTE | ||||
r-oldrel-windows-ix86+x86_64 | 0.3-19 | 677.00 | 243.00 | 920.00 | OK |
Version: 0.3-19
Check: installed package size
Result: NOTE
installed size is 5.4Mb
sub-directories of 1Mb or more:
libs 5.3Mb
Flavors: r-devel-linux-x86_64-fedora-clang, r-release-macos-arm64, r-release-macos-x86_64, r-oldrel-macos-arm64, r-oldrel-macos-x86_64