Last updated on 2022-04-24 03:52:34 CEST.
Flavor | Version | Tinstall | Tcheck | Ttotal | Status | Flags |
---|---|---|---|---|---|---|
r-devel-linux-x86_64-debian-clang | 1.0.2 | 10.93 | 100.14 | 111.07 | NOTE | |
r-devel-linux-x86_64-debian-gcc | 1.0.2 | 7.90 | 75.48 | 83.38 | NOTE | |
r-devel-linux-x86_64-fedora-clang | 1.0.2 | 136.68 | NOTE | |||
r-devel-linux-x86_64-fedora-gcc | 1.0.2 | 118.90 | NOTE | |||
r-patched-linux-x86_64 | 1.0.2 | 9.83 | 95.62 | 105.45 | NOTE | |
r-release-linux-x86_64 | 1.0.2 | 9.24 | 91.07 | 100.31 | NOTE | |
r-release-macos-arm64 | 1.0.2 | NOTE | ||||
r-release-macos-x86_64 | 1.0.2 | NOTE | ||||
r-release-windows-x86_64 | 1.0.2 | 15.00 | 109.00 | 124.00 | NOTE | |
r-oldrel-macos-arm64 | 1.0.2 | NOTE | ||||
r-oldrel-macos-x86_64 | 1.0.2 | NOTE | ||||
r-oldrel-windows-ix86+x86_64 | 1.0.2 | 22.00 | 105.00 | 127.00 | NOTE |
Version: 1.0.2
Check: LazyData
Result: NOTE
'LazyData' is specified without a 'data' directory
Flavors: r-devel-linux-x86_64-debian-clang, r-devel-linux-x86_64-debian-gcc, r-devel-linux-x86_64-fedora-clang, r-devel-linux-x86_64-fedora-gcc, r-patched-linux-x86_64, r-release-linux-x86_64, r-release-macos-arm64, r-release-macos-x86_64, r-release-windows-x86_64, r-oldrel-macos-arm64, r-oldrel-macos-x86_64, r-oldrel-windows-ix86+x86_64