Last updated on 2022-04-24 03:52:34 CEST.
Flavor | Version | Tinstall | Tcheck | Ttotal | Status | Flags |
---|---|---|---|---|---|---|
r-devel-linux-x86_64-debian-clang | 1.0.1 | 46.00 | 457.80 | 503.80 | OK | |
r-devel-linux-x86_64-debian-gcc | 1.0.1 | 42.41 | 324.43 | 366.84 | OK | |
r-devel-linux-x86_64-fedora-clang | 1.0.1 | 607.34 | NOTE | |||
r-devel-linux-x86_64-fedora-gcc | 1.0.1 | 602.98 | NOTE | |||
r-patched-linux-x86_64 | 1.0.1 | 44.06 | 423.79 | 467.85 | OK | |
r-release-linux-x86_64 | 1.0.1 | 45.69 | 387.82 | 433.51 | OK | |
r-release-macos-arm64 | 1.0.1 | ERROR | ||||
r-release-macos-x86_64 | 1.0.1 | NOTE | ||||
r-release-windows-x86_64 | 1.0.1 | 38.00 | 301.00 | 339.00 | OK | |
r-oldrel-macos-arm64 | 1.0.1 | ERROR | ||||
r-oldrel-macos-x86_64 | 1.0.1 | NOTE | ||||
r-oldrel-windows-ix86+x86_64 | 1.0.1 | 62.00 | 403.00 | 465.00 | OK |
Version: 1.0.1
Check: dependencies in R code
Result: NOTE
Namespaces in Imports field not imported from:
‘Rdpack’ ‘dbscan’ ‘rootSolve’
All declared Imports should be used.
Flavors: r-devel-linux-x86_64-fedora-clang, r-devel-linux-x86_64-fedora-gcc, r-release-macos-x86_64, r-oldrel-macos-x86_64
Version: 1.0.1
Check: Rd cross-references
Result: NOTE
Undeclared package ‘spsur’ in Rd xrefs
Flavor: r-devel-linux-x86_64-fedora-clang
Version: 1.0.1
Check: package dependencies
Result: ERROR
Package required and available but unsuitable version: ‘grDevices’
See section ‘The DESCRIPTION file’ in the ‘Writing R Extensions’
manual.
Flavors: r-release-macos-arm64, r-oldrel-macos-arm64