Last updated on 2022-04-24 03:52:34 CEST.
Flavor | Version | Tinstall | Tcheck | Ttotal | Status | Flags |
---|---|---|---|---|---|---|
r-devel-linux-x86_64-debian-clang | 0.3-0 | 2.91 | 29.89 | 32.80 | NOTE | |
r-devel-linux-x86_64-debian-gcc | 0.3-0 | 2.06 | 23.34 | 25.40 | NOTE | |
r-devel-linux-x86_64-fedora-clang | 0.3-0 | 41.10 | NOTE | |||
r-devel-linux-x86_64-fedora-gcc | 0.3-0 | 28.33 | NOTE | |||
r-patched-linux-x86_64 | 0.3-0 | 1.98 | 29.62 | 31.60 | NOTE | |
r-release-linux-x86_64 | 0.3-0 | 2.11 | 28.20 | 30.31 | NOTE | |
r-release-macos-arm64 | 0.3-0 | NOTE | ||||
r-release-macos-x86_64 | 0.3-0 | NOTE | ||||
r-release-windows-x86_64 | 0.3-0 | 12.00 | 47.00 | 59.00 | NOTE | |
r-oldrel-macos-arm64 | 0.3-0 | NOTE | ||||
r-oldrel-macos-x86_64 | 0.3-0 | NOTE | ||||
r-oldrel-windows-ix86+x86_64 | 0.3-0 | 8.00 | 27.00 | 35.00 | NOTE |
Version: 0.3-0
Check: R code for possible problems
Result: NOTE
pspearman: no visible global function definition for 'pt'
spearman.test: no visible global function definition for
'complete.cases'
spearman.test: no visible global function definition for 'cor'
Undefined global functions or variables:
complete.cases cor pt
Consider adding
importFrom("stats", "complete.cases", "cor", "pt")
to your NAMESPACE file.
Flavors: r-devel-linux-x86_64-debian-clang, r-devel-linux-x86_64-debian-gcc, r-devel-linux-x86_64-fedora-clang, r-devel-linux-x86_64-fedora-gcc, r-patched-linux-x86_64, r-release-linux-x86_64, r-release-macos-arm64, r-release-macos-x86_64, r-release-windows-x86_64, r-oldrel-macos-arm64, r-oldrel-macos-x86_64, r-oldrel-windows-ix86+x86_64
Version: 0.3-0
Check: compiled code
Result: NOTE
File ‘pspearman/libs/pspearman.so’:
Found no calls to: ‘R_registerRoutines’, ‘R_useDynamicSymbols’
It is good practice to register native routines and to disable symbol
search.
See ‘Writing portable packages’ in the ‘Writing R Extensions’ manual.
Flavors: r-devel-linux-x86_64-fedora-clang, r-devel-linux-x86_64-fedora-gcc