Last updated on 2022-04-24 03:52:34 CEST.
Flavor | Version | Tinstall | Tcheck | Ttotal | Status | Flags |
---|---|---|---|---|---|---|
r-devel-linux-x86_64-debian-clang | 1.0.4 | 12.06 | 210.16 | 222.22 | NOTE | |
r-devel-linux-x86_64-debian-gcc | 1.0.4 | 8.45 | 152.55 | 161.00 | NOTE | |
r-devel-linux-x86_64-fedora-clang | 1.0.4 | 259.70 | NOTE | |||
r-devel-linux-x86_64-fedora-gcc | 1.0.4 | 242.35 | NOTE | |||
r-patched-linux-x86_64 | 1.0.4 | 11.06 | 192.75 | 203.81 | NOTE | |
r-release-linux-x86_64 | 1.0.4 | 9.70 | 182.95 | 192.65 | NOTE | |
r-release-macos-arm64 | 1.0.4 | NOTE | ||||
r-release-macos-x86_64 | 1.0.4 | NOTE | ||||
r-release-windows-x86_64 | 1.0.4 | 77.00 | 216.00 | 293.00 | NOTE | |
r-oldrel-macos-arm64 | 1.0.4 | NOTE | ||||
r-oldrel-macos-x86_64 | 1.0.4 | NOTE | ||||
r-oldrel-windows-ix86+x86_64 | 1.0.4 | 25.00 | 206.00 | 231.00 | NOTE |
Version: 1.0.4
Check: LazyData
Result: NOTE
'LazyData' is specified without a 'data' directory
Flavors: r-devel-linux-x86_64-debian-clang, r-devel-linux-x86_64-debian-gcc, r-devel-linux-x86_64-fedora-clang, r-devel-linux-x86_64-fedora-gcc, r-patched-linux-x86_64, r-release-linux-x86_64, r-release-macos-arm64, r-release-macos-x86_64, r-release-windows-x86_64, r-oldrel-macos-arm64, r-oldrel-macos-x86_64, r-oldrel-windows-ix86+x86_64