Last updated on 2022-04-24 03:52:34 CEST.
Flavor | Version | Tinstall | Tcheck | Ttotal | Status | Flags |
---|---|---|---|---|---|---|
r-devel-linux-x86_64-debian-clang | 0.3.1 | 70.57 | 157.82 | 228.39 | OK | |
r-devel-linux-x86_64-debian-gcc | 0.3.1 | 69.84 | 117.30 | 187.14 | OK | |
r-devel-linux-x86_64-fedora-clang | 0.3.1 | 328.46 | NOTE | |||
r-devel-linux-x86_64-fedora-gcc | 0.3.1 | 281.59 | OK | |||
r-patched-linux-x86_64 | 0.3.1 | 62.38 | 146.02 | 208.40 | OK | |
r-release-linux-x86_64 | 0.3.1 | 65.78 | 142.17 | 207.95 | OK | |
r-release-macos-arm64 | 0.3.1 | NOTE | ||||
r-release-macos-x86_64 | 0.3.1 | NOTE | ||||
r-release-windows-x86_64 | 0.3.1 | 70.00 | 187.00 | 257.00 | OK | |
r-oldrel-macos-arm64 | 0.3.1 | NOTE | ||||
r-oldrel-macos-x86_64 | 0.3.1 | NOTE | ||||
r-oldrel-windows-ix86+x86_64 | 0.3.1 | 165.00 | 269.00 | 434.00 | OK |
Version: 0.3.1
Check: installed package size
Result: NOTE
installed size is 9.1Mb
sub-directories of 1Mb or more:
libs 8.4Mb
Flavors: r-devel-linux-x86_64-fedora-clang, r-release-macos-arm64, r-release-macos-x86_64, r-oldrel-macos-arm64, r-oldrel-macos-x86_64