Last updated on 2022-04-24 03:52:34 CEST.
Flavor | Version | Tinstall | Tcheck | Ttotal | Status | Flags |
---|---|---|---|---|---|---|
r-devel-linux-x86_64-debian-clang | 0.1.1 | 42.40 | 422.50 | 464.90 | OK | |
r-devel-linux-x86_64-debian-gcc | 0.1.1 | 36.36 | 299.64 | 336.00 | OK | |
r-devel-linux-x86_64-fedora-clang | 0.1.1 | 562.85 | NOTE | |||
r-devel-linux-x86_64-fedora-gcc | 0.1.1 | 8.41 | ERROR | |||
r-patched-linux-x86_64 | 0.1.1 | 51.91 | 390.54 | 442.45 | OK | |
r-release-linux-x86_64 | 0.1.1 | 37.69 | 357.23 | 394.92 | OK | |
r-release-macos-arm64 | 0.1.1 | NOTE | ||||
r-release-macos-x86_64 | 0.1.1 | NOTE | ||||
r-release-windows-x86_64 | 0.1.1 | 88.00 | 376.00 | 464.00 | OK | |
r-oldrel-macos-arm64 | 0.1.1 | NOTE | ||||
r-oldrel-macos-x86_64 | 0.1.1 | NOTE | ||||
r-oldrel-windows-ix86+x86_64 | 0.1.1 | 96.00 | 377.00 | 473.00 | OK |
Version: 0.1.1
Check: data for non-ASCII characters
Result: NOTE
Note: found 140 marked UTF-8 strings
Flavors: r-devel-linux-x86_64-fedora-clang, r-release-macos-arm64, r-release-macos-x86_64, r-oldrel-macos-arm64, r-oldrel-macos-x86_64
Version: 0.1.1
Check: whether package can be installed
Result: ERROR
Installation failed.
Flavor: r-devel-linux-x86_64-fedora-gcc