Last updated on 2022-04-24 03:52:34 CEST.
Flavor | Version | Tinstall | Tcheck | Ttotal | Status | Flags |
---|---|---|---|---|---|---|
r-devel-linux-x86_64-debian-clang | 3.1 | 332.94 | 211.74 | 544.68 | NOTE | |
r-devel-linux-x86_64-debian-gcc | 3.1 | 333.65 | 165.73 | 499.38 | NOTE | |
r-devel-linux-x86_64-fedora-clang | 3.1 | 778.67 | NOTE | |||
r-devel-linux-x86_64-fedora-gcc | 3.1 | 793.98 | NOTE | |||
r-patched-linux-x86_64 | 3.1 | 285.90 | 216.02 | 501.92 | NOTE | |
r-release-linux-x86_64 | 3.1 | 315.98 | 200.59 | 516.57 | NOTE | |
r-release-macos-arm64 | 3.1 | NOTE | ||||
r-release-macos-x86_64 | 3.1 | NOTE | ||||
r-release-windows-x86_64 | 3.1 | 256.00 | 261.00 | 517.00 | NOTE | |
r-oldrel-macos-arm64 | 3.1 | NOTE | ||||
r-oldrel-macos-x86_64 | 3.1 | NOTE | ||||
r-oldrel-windows-ix86+x86_64 | 3.1 | 423.00 | 232.00 | 655.00 | NOTE |
Version: 3.1
Check: for GNU extensions in Makefiles
Result: NOTE
GNU make is a SystemRequirements.
Flavors: r-devel-linux-x86_64-debian-clang, r-devel-linux-x86_64-debian-gcc, r-devel-linux-x86_64-fedora-clang, r-devel-linux-x86_64-fedora-gcc, r-patched-linux-x86_64, r-release-linux-x86_64, r-release-macos-arm64, r-release-macos-x86_64, r-release-windows-x86_64, r-oldrel-macos-arm64, r-oldrel-macos-x86_64, r-oldrel-windows-ix86+x86_64
Version: 3.1
Check: installed package size
Result: NOTE
installed size is 37.7Mb
sub-directories of 1Mb or more:
libs 37.0Mb
Flavors: r-devel-linux-x86_64-fedora-clang, r-release-macos-arm64, r-release-macos-x86_64, r-oldrel-macos-arm64, r-oldrel-macos-x86_64