Last updated on 2022-04-24 03:52:34 CEST.
Flavor | Version | Tinstall | Tcheck | Ttotal | Status | Flags |
---|---|---|---|---|---|---|
r-devel-linux-x86_64-debian-clang | 1.0.3 | 9.15 | 122.24 | 131.39 | NOTE | |
r-devel-linux-x86_64-debian-gcc | 1.0.3 | 9.60 | 92.50 | 102.10 | NOTE | |
r-devel-linux-x86_64-fedora-clang | 1.0.3 | 172.06 | NOTE | |||
r-devel-linux-x86_64-fedora-gcc | 1.0.3 | 148.98 | NOTE | |||
r-patched-linux-x86_64 | 1.0.3 | 10.33 | 120.36 | 130.69 | NOTE | |
r-release-linux-x86_64 | 1.0.3 | 12.19 | 112.84 | 125.03 | NOTE | |
r-release-macos-arm64 | 1.0.3 | NOTE | ||||
r-release-macos-x86_64 | 1.0.3 | NOTE | ||||
r-release-windows-x86_64 | 1.0.3 | 19.00 | 133.00 | 152.00 | NOTE | |
r-oldrel-macos-arm64 | 1.0.3 | NOTE | ||||
r-oldrel-macos-x86_64 | 1.0.3 | NOTE | ||||
r-oldrel-windows-ix86+x86_64 | 1.0.3 | 24.00 | 126.00 | 150.00 | NOTE |
Version: 1.0.3
Check: LazyData
Result: NOTE
'LazyData' is specified without a 'data' directory
Flavors: r-devel-linux-x86_64-debian-clang, r-devel-linux-x86_64-debian-gcc, r-devel-linux-x86_64-fedora-clang, r-devel-linux-x86_64-fedora-gcc, r-patched-linux-x86_64, r-release-linux-x86_64, r-release-macos-arm64, r-release-macos-x86_64, r-release-windows-x86_64, r-oldrel-macos-arm64, r-oldrel-macos-x86_64, r-oldrel-windows-ix86+x86_64