Last updated on 2022-04-24 03:52:34 CEST.
Flavor | Version | Tinstall | Tcheck | Ttotal | Status | Flags |
---|---|---|---|---|---|---|
r-devel-linux-x86_64-debian-clang | 0.1.3.900 | 2.95 | 35.77 | 38.72 | NOTE | |
r-devel-linux-x86_64-debian-gcc | 0.1.3.900 | 2.27 | 27.46 | 29.73 | NOTE | |
r-devel-linux-x86_64-fedora-clang | 0.1.3.900 | 47.37 | NOTE | |||
r-devel-linux-x86_64-fedora-gcc | 0.1.3.900 | 37.02 | NOTE | |||
r-patched-linux-x86_64 | 0.1.3.900 | 2.52 | 35.18 | 37.70 | NOTE | |
r-release-linux-x86_64 | 0.1.3.900 | 2.41 | 34.39 | 36.80 | NOTE | |
r-release-macos-arm64 | 0.1.3.900 | NOTE | ||||
r-release-macos-x86_64 | 0.1.3.900 | NOTE | ||||
r-release-windows-x86_64 | 0.1.3.900 | 8.00 | 51.00 | 59.00 | NOTE | |
r-oldrel-macos-arm64 | 0.1.3.900 | NOTE | ||||
r-oldrel-macos-x86_64 | 0.1.3.900 | NOTE | ||||
r-oldrel-windows-ix86+x86_64 | 0.1.3.900 | 6.00 | 43.00 | 49.00 | NOTE |
Version: 0.1.3.900
Check: LazyData
Result: NOTE
'LazyData' is specified without a 'data' directory
Flavors: r-devel-linux-x86_64-debian-clang, r-devel-linux-x86_64-debian-gcc, r-devel-linux-x86_64-fedora-clang, r-devel-linux-x86_64-fedora-gcc, r-patched-linux-x86_64, r-release-linux-x86_64, r-release-macos-arm64, r-release-macos-x86_64, r-release-windows-x86_64, r-oldrel-macos-arm64, r-oldrel-macos-x86_64, r-oldrel-windows-ix86+x86_64