Last updated on 2022-04-24 03:52:34 CEST.
Flavor | Version | Tinstall | Tcheck | Ttotal | Status | Flags |
---|---|---|---|---|---|---|
r-devel-linux-x86_64-debian-clang | 0.3.2 | 8.10 | 250.92 | 259.02 | OK | |
r-devel-linux-x86_64-debian-gcc | 0.3.2 | 5.86 | 183.63 | 189.49 | OK | |
r-devel-linux-x86_64-fedora-clang | 0.3.2 | 338.92 | NOTE | |||
r-devel-linux-x86_64-fedora-gcc | 0.3.2 | 280.50 | NOTE | |||
r-patched-linux-x86_64 | 0.3.2 | 10.17 | 232.11 | 242.28 | OK | |
r-release-linux-x86_64 | 0.3.2 | 6.90 | 224.78 | 231.68 | OK | |
r-release-macos-arm64 | 0.3.2 | NOTE | ||||
r-release-macos-x86_64 | 0.3.2 | NOTE | ||||
r-release-windows-x86_64 | 0.3.2 | 45.00 | 278.00 | 323.00 | OK | |
r-oldrel-macos-arm64 | 0.3.2 | NOTE | ||||
r-oldrel-macos-x86_64 | 0.3.2 | NOTE | ||||
r-oldrel-windows-ix86+x86_64 | 0.3.2 | 19.00 | 271.00 | 290.00 | OK |
Version: 0.3.2
Check: dependencies in R code
Result: NOTE
Namespaces in Imports field not imported from:
‘lifecycle’ ‘patchwork’
All declared Imports should be used.
Flavors: r-devel-linux-x86_64-fedora-clang, r-devel-linux-x86_64-fedora-gcc, r-release-macos-arm64, r-release-macos-x86_64, r-oldrel-macos-arm64, r-oldrel-macos-x86_64