Last updated on 2022-04-24 03:52:34 CEST.
Flavor | Version | Tinstall | Tcheck | Ttotal | Status | Flags |
---|---|---|---|---|---|---|
r-devel-linux-x86_64-debian-clang | 0.10 | 945.46 | 236.16 | 1181.62 | OK | |
r-devel-linux-x86_64-debian-gcc | 0.10 | 783.92 | 167.62 | 951.54 | OK | |
r-devel-linux-x86_64-fedora-clang | 0.10 | 1862.72 | NOTE | |||
r-devel-linux-x86_64-fedora-gcc | 0.10 | 1599.87 | OK | |||
r-patched-linux-x86_64 | 0.10 | 807.89 | 217.59 | 1025.48 | OK | |
r-release-linux-x86_64 | 0.10 | 814.62 | 204.10 | 1018.72 | OK | |
r-release-macos-arm64 | 0.10 | NOTE | ||||
r-release-macos-x86_64 | 0.10 | NOTE | ||||
r-release-windows-x86_64 | 0.10 | 955.00 | 263.00 | 1218.00 | OK | |
r-oldrel-macos-arm64 | 0.10 | NOTE | ||||
r-oldrel-macos-x86_64 | 0.10 | NOTE | ||||
r-oldrel-windows-ix86+x86_64 | 0.10 | 2222.00 | 309.00 | 2531.00 | NOTE |
Version: 0.10
Check: installed package size
Result: NOTE
installed size is 28.8Mb
sub-directories of 1Mb or more:
libs 27.7Mb
Flavors: r-devel-linux-x86_64-fedora-clang, r-release-macos-arm64, r-release-macos-x86_64, r-oldrel-macos-arm64, r-oldrel-macos-x86_64, r-oldrel-windows-ix86+x86_64