Last updated on 2022-04-24 03:52:34 CEST.
Flavor | Version | Tinstall | Tcheck | Ttotal | Status | Flags |
---|---|---|---|---|---|---|
r-devel-linux-x86_64-debian-clang | 2021.1.0 | 304.24 | 482.28 | 786.52 | OK | |
r-devel-linux-x86_64-debian-gcc | 2021.1.0 | 245.18 | 299.34 | 544.52 | OK | |
r-devel-linux-x86_64-fedora-clang | 2021.1.0 | 1064.65 | NOTE | |||
r-devel-linux-x86_64-fedora-gcc | 2021.1.0 | 922.72 | OK | |||
r-patched-linux-x86_64 | 2021.1.0 | 267.13 | 431.29 | 698.42 | OK | |
r-release-linux-x86_64 | 2021.1.0 | 267.15 | 385.98 | 653.13 | OK | |
r-release-macos-arm64 | 2021.1.0 | NOTE | ||||
r-release-macos-x86_64 | 2021.1.0 | NOTE | ||||
r-release-windows-x86_64 | 2021.1.0 | 255.00 | 548.00 | 803.00 | OK | |
r-oldrel-macos-arm64 | 2021.1.0 | NOTE | ||||
r-oldrel-macos-x86_64 | 2021.1.0 | NOTE | ||||
r-oldrel-windows-ix86+x86_64 | 2021.1.0 | 730.00 | 582.00 | 1312.00 | OK |
Version: 2021.1.0
Check: installed package size
Result: NOTE
installed size is 6.0Mb
sub-directories of 1Mb or more:
libs 5.1Mb
Flavors: r-devel-linux-x86_64-fedora-clang, r-release-macos-arm64, r-release-macos-x86_64, r-oldrel-macos-arm64, r-oldrel-macos-x86_64