Last updated on 2022-04-24 03:52:34 CEST.
Flavor | Version | Tinstall | Tcheck | Ttotal | Status | Flags |
---|---|---|---|---|---|---|
r-devel-linux-x86_64-debian-clang | 1.0.1 | 2.72 | 33.83 | 36.55 | OK | |
r-devel-linux-x86_64-debian-gcc | 1.0.1 | 2.05 | 26.02 | 28.07 | OK | |
r-devel-linux-x86_64-fedora-clang | 1.0.1 | 44.46 | NOTE | |||
r-devel-linux-x86_64-fedora-gcc | 1.0.1 | 32.53 | NOTE | |||
r-patched-linux-x86_64 | 1.0.1 | 2.71 | 32.40 | 35.11 | OK | |
r-release-linux-x86_64 | 1.0.1 | 2.46 | 31.65 | 34.11 | OK | |
r-release-macos-arm64 | 1.0.1 | NOTE | ||||
r-release-macos-x86_64 | 1.0.1 | NOTE | ||||
r-release-windows-x86_64 | 1.0.1 | 18.00 | 49.00 | 67.00 | OK | |
r-oldrel-macos-arm64 | 1.0.1 | NOTE | ||||
r-oldrel-macos-x86_64 | 1.0.1 | NOTE | ||||
r-oldrel-windows-ix86+x86_64 | 1.0.1 | 5.00 | 39.00 | 44.00 | OK |
Version: 1.0.1
Check: dependencies in R code
Result: NOTE
Namespace in Imports field not imported from: ‘Rdpack’
All declared Imports should be used.
Flavors: r-devel-linux-x86_64-fedora-clang, r-devel-linux-x86_64-fedora-gcc, r-release-macos-arm64, r-release-macos-x86_64, r-oldrel-macos-arm64, r-oldrel-macos-x86_64
Version: 1.0.1
Check: data for non-ASCII characters
Result: NOTE
Note: found 107 marked UTF-8 strings
Flavors: r-devel-linux-x86_64-fedora-clang, r-devel-linux-x86_64-fedora-gcc, r-release-macos-arm64, r-release-macos-x86_64, r-oldrel-macos-arm64, r-oldrel-macos-x86_64