Last updated on 2022-04-24 03:52:34 CEST.
Flavor | Version | Tinstall | Tcheck | Ttotal | Status | Flags |
---|---|---|---|---|---|---|
r-devel-linux-x86_64-debian-clang | 1.0-8 | 10.59 | 111.69 | 122.28 | OK | |
r-devel-linux-x86_64-debian-gcc | 1.0-8 | 8.85 | 83.57 | 92.42 | OK | |
r-devel-linux-x86_64-fedora-clang | 1.0-8 | 149.38 | NOTE | |||
r-devel-linux-x86_64-fedora-gcc | 1.0-8 | 135.25 | NOTE | |||
r-patched-linux-x86_64 | 1.0-8 | 14.39 | 107.91 | 122.30 | OK | |
r-release-linux-x86_64 | 1.0-8 | 8.05 | 102.44 | 110.49 | OK | |
r-release-macos-arm64 | 1.0-8 | OK | ||||
r-release-macos-x86_64 | 1.0-8 | OK | ||||
r-release-windows-x86_64 | 1.0-8 | 27.00 | 131.00 | 158.00 | OK | |
r-oldrel-macos-arm64 | 1.0-8 | OK | ||||
r-oldrel-macos-x86_64 | 1.0-8 | OK | ||||
r-oldrel-windows-ix86+x86_64 | 1.0-8 | 25.00 | 150.00 | 175.00 | OK |
Version: 1.0-8
Check: compiled code
Result: NOTE
File ‘ptest/libs/ptest.so’:
Found no calls to: ‘R_registerRoutines’, ‘R_useDynamicSymbols’
It is good practice to register native routines and to disable symbol
search.
See ‘Writing portable packages’ in the ‘Writing R Extensions’ manual.
Flavors: r-devel-linux-x86_64-fedora-clang, r-devel-linux-x86_64-fedora-gcc