Last updated on 2022-04-24 03:52:34 CEST.
Flavor | Version | Tinstall | Tcheck | Ttotal | Status | Flags |
---|---|---|---|---|---|---|
r-devel-linux-x86_64-debian-clang | 0.2.5 | 23.70 | 218.87 | 242.57 | OK | |
r-devel-linux-x86_64-debian-gcc | 0.2.5 | 19.56 | 160.54 | 180.10 | OK | |
r-devel-linux-x86_64-fedora-clang | 0.2.5 | 301.13 | OK | |||
r-devel-linux-x86_64-fedora-gcc | 0.2.5 | 281.20 | OK | |||
r-patched-linux-x86_64 | 0.2.5 | 23.25 | 205.82 | 229.07 | OK | |
r-release-linux-x86_64 | 0.2.5 | 23.02 | 197.89 | 220.91 | OK | |
r-release-macos-arm64 | 0.2.5 | ERROR | ||||
r-release-macos-x86_64 | 0.2.5 | ERROR | ||||
r-release-windows-x86_64 | 0.2.5 | 53.00 | 273.00 | 326.00 | OK | |
r-oldrel-macos-arm64 | 0.2.5 | ERROR | ||||
r-oldrel-macos-x86_64 | 0.2.5 | ERROR | ||||
r-oldrel-windows-ix86+x86_64 | 0.2.5 | 45.00 | 258.00 | 303.00 | OK |
Version: 0.2.5
Check: package dependencies
Result: ERROR
Package required but not available: ‘muscle’
See section ‘The DESCRIPTION file’ in the ‘Writing R Extensions’
manual.
Flavors: r-release-macos-arm64, r-release-macos-x86_64, r-oldrel-macos-arm64, r-oldrel-macos-x86_64