Last updated on 2022-04-24 03:52:34 CEST.
Flavor | Version | Tinstall | Tcheck | Ttotal | Status | Flags |
---|---|---|---|---|---|---|
r-devel-linux-x86_64-debian-clang | 1.1.2 | 4.02 | 369.26 | 373.28 | OK | |
r-devel-linux-x86_64-debian-gcc | 1.1.2 | 2.59 | 270.76 | 273.35 | OK | |
r-devel-linux-x86_64-fedora-clang | 1.1.2 | 475.89 | OK | |||
r-devel-linux-x86_64-fedora-gcc | 1.1.2 | 473.54 | OK | |||
r-patched-linux-x86_64 | 1.1.2 | 4.62 | 352.62 | 357.24 | OK | |
r-release-linux-x86_64 | 1.1.2 | 4.56 | 338.48 | 343.04 | OK | |
r-release-macos-arm64 | 1.1.2 | ERROR | ||||
r-release-macos-x86_64 | 1.1.2 | ERROR | ||||
r-release-windows-x86_64 | 1.1.2 | 13.00 | 377.00 | 390.00 | OK | |
r-oldrel-macos-arm64 | 1.1.2 | ERROR | ||||
r-oldrel-macos-x86_64 | 1.1.2 | ERROR | ||||
r-oldrel-windows-ix86+x86_64 | 1.1.2 | 9.00 | 385.00 | 394.00 | OK |
Version: 1.1.2
Check: package dependencies
Result: ERROR
Package required but not available: ‘tweeDEseq’
See section ‘The DESCRIPTION file’ in the ‘Writing R Extensions’
manual.
Flavors: r-release-macos-arm64, r-release-macos-x86_64, r-oldrel-macos-arm64, r-oldrel-macos-x86_64