Last updated on 2022-04-24 03:52:34 CEST.
Flavor | Version | Tinstall | Tcheck | Ttotal | Status | Flags |
---|---|---|---|---|---|---|
r-devel-linux-x86_64-debian-clang | 0.3.0 | 7.89 | 82.27 | 90.16 | NOTE | |
r-devel-linux-x86_64-debian-gcc | 0.3.0 | 6.98 | 58.55 | 65.53 | NOTE | |
r-devel-linux-x86_64-fedora-clang | 0.3.0 | 105.23 | NOTE | |||
r-devel-linux-x86_64-fedora-gcc | 0.3.0 | 89.42 | NOTE | |||
r-patched-linux-x86_64 | 0.3.0 | 7.08 | 74.17 | 81.25 | NOTE | |
r-release-linux-x86_64 | 0.3.0 | 4.94 | 71.19 | 76.13 | NOTE | |
r-release-macos-arm64 | 0.3.0 | OK | ||||
r-release-macos-x86_64 | 0.3.0 | OK | ||||
r-release-windows-x86_64 | 0.3.0 | 37.00 | 89.00 | 126.00 | OK | |
r-oldrel-macos-arm64 | 0.3.0 | OK | ||||
r-oldrel-macos-x86_64 | 0.3.0 | OK | ||||
r-oldrel-windows-ix86+x86_64 | 0.3.0 | 19.00 | 83.00 | 102.00 | OK |
Version: 0.3.0
Check: package dependencies
Result: NOTE
Package suggested but not available for checking: 'fulltext'
Flavors: r-devel-linux-x86_64-debian-clang, r-devel-linux-x86_64-debian-gcc, r-devel-linux-x86_64-fedora-clang, r-devel-linux-x86_64-fedora-gcc, r-patched-linux-x86_64, r-release-linux-x86_64