Last updated on 2022-04-24 03:52:34 CEST.
Flavor | Version | Tinstall | Tcheck | Ttotal | Status | Flags |
---|---|---|---|---|---|---|
r-devel-linux-x86_64-debian-clang | 1.2.7 | 12.77 | 378.11 | 390.88 | OK | |
r-devel-linux-x86_64-debian-gcc | 1.2.7 | 9.68 | 266.93 | 276.61 | OK | |
r-devel-linux-x86_64-fedora-clang | 1.2.7 | 448.30 | NOTE | |||
r-devel-linux-x86_64-fedora-gcc | 1.2.7 | 458.48 | NOTE | |||
r-patched-linux-x86_64 | 1.2.7 | 18.89 | 342.89 | 361.78 | OK | |
r-release-linux-x86_64 | 1.2.7 | 11.84 | 335.93 | 347.77 | OK | |
r-release-macos-arm64 | 1.2.7 | NOTE | ||||
r-release-macos-x86_64 | 1.2.7 | NOTE | ||||
r-release-windows-x86_64 | 1.2.7 | 33.00 | 397.00 | 430.00 | OK | |
r-oldrel-macos-arm64 | 1.2.7 | NOTE | ||||
r-oldrel-macos-x86_64 | 1.2.7 | NOTE | ||||
r-oldrel-windows-ix86+x86_64 | 1.2.7 | 35.00 | 407.00 | 442.00 | OK |
Version: 1.2.7
Check: dependencies in R code
Result: NOTE
Namespaces in Imports field not imported from:
‘Hmisc’ ‘sjPlot’
All declared Imports should be used.
Flavors: r-devel-linux-x86_64-fedora-clang, r-devel-linux-x86_64-fedora-gcc, r-release-macos-arm64, r-release-macos-x86_64, r-oldrel-macos-arm64, r-oldrel-macos-x86_64