Last updated on 2022-04-24 03:52:34 CEST.
Flavor | Version | Tinstall | Tcheck | Ttotal | Status | Flags |
---|---|---|---|---|---|---|
r-devel-linux-x86_64-debian-clang | 1.4 | 94.91 | 206.96 | 301.87 | OK | |
r-devel-linux-x86_64-debian-gcc | 1.4 | 75.82 | 171.35 | 247.17 | OK | |
r-devel-linux-x86_64-fedora-clang | 1.4 | 378.69 | OK | |||
r-devel-linux-x86_64-fedora-gcc | 1.4 | 387.32 | OK | |||
r-patched-linux-x86_64 | 1.4 | 86.14 | 203.60 | 289.74 | OK | |
r-release-linux-x86_64 | 1.4 | 79.50 | 176.10 | 255.60 | OK | |
r-release-macos-arm64 | 1.4 | NOTE | ||||
r-release-macos-x86_64 | 1.4 | OK | ||||
r-release-windows-x86_64 | 1.4 | 88.00 | 263.00 | 351.00 | OK | |
r-oldrel-macos-arm64 | 1.4 | NOTE | ||||
r-oldrel-macos-x86_64 | 1.4 | OK | ||||
r-oldrel-windows-ix86+x86_64 | 1.4 | 228.00 | 263.00 | 491.00 | OK |
Version: 1.4
Check: installed package size
Result: NOTE
installed size is 5.2Mb
sub-directories of 1Mb or more:
libs 4.5Mb
Flavors: r-release-macos-arm64, r-oldrel-macos-arm64