Last updated on 2022-04-24 03:52:34 CEST.
Flavor | Version | Tinstall | Tcheck | Ttotal | Status | Flags |
---|---|---|---|---|---|---|
r-devel-linux-x86_64-debian-clang | 0.0.1 | 3.22 | 40.57 | 43.79 | OK | |
r-devel-linux-x86_64-debian-gcc | 0.0.1 | 3.06 | 30.94 | 34.00 | OK | |
r-devel-linux-x86_64-fedora-clang | 0.0.1 | 56.22 | NOTE | |||
r-devel-linux-x86_64-fedora-gcc | 0.0.1 | 42.54 | NOTE | |||
r-patched-linux-x86_64 | 0.0.1 | 3.40 | 38.47 | 41.87 | OK | |
r-release-linux-x86_64 | 0.0.1 | 2.29 | 37.66 | 39.95 | OK | |
r-release-macos-arm64 | 0.0.1 | NOTE | ||||
r-release-macos-x86_64 | 0.0.1 | NOTE | ||||
r-release-windows-x86_64 | 0.0.1 | 20.00 | 58.00 | 78.00 | OK | |
r-oldrel-macos-arm64 | 0.0.1 | NOTE | ||||
r-oldrel-macos-x86_64 | 0.0.1 | NOTE | ||||
r-oldrel-windows-ix86+x86_64 | 0.0.1 | 10.00 | 47.00 | 57.00 | OK |
Version: 0.0.1
Check: dependencies in R code
Result: NOTE
Namespaces in Imports field not imported from:
‘kableExtra’ ‘readr’ ‘tidyverse’
All declared Imports should be used.
Flavors: r-devel-linux-x86_64-fedora-clang, r-devel-linux-x86_64-fedora-gcc, r-release-macos-arm64, r-release-macos-x86_64, r-oldrel-macos-arm64, r-oldrel-macos-x86_64