Last updated on 2022-04-24 03:52:34 CEST.
Flavor | Version | Tinstall | Tcheck | Ttotal | Status | Flags |
---|---|---|---|---|---|---|
r-devel-linux-x86_64-debian-clang | 1.2 | 3.04 | 56.81 | 59.85 | NOTE | |
r-devel-linux-x86_64-debian-gcc | 1.2 | 3.55 | 42.96 | 46.51 | NOTE | |
r-devel-linux-x86_64-fedora-clang | 1.2 | 72.16 | NOTE | |||
r-devel-linux-x86_64-fedora-gcc | 1.2 | 60.61 | NOTE | |||
r-patched-linux-x86_64 | 1.2 | 6.72 | 54.00 | 60.72 | NOTE | |
r-release-linux-x86_64 | 1.2 | 3.26 | 52.64 | 55.90 | NOTE | |
r-release-macos-arm64 | 1.2 | NOTE | ||||
r-release-macos-x86_64 | 1.2 | NOTE | ||||
r-release-windows-x86_64 | 1.2 | 10.00 | 105.00 | 115.00 | NOTE | |
r-oldrel-macos-arm64 | 1.2 | NOTE | ||||
r-oldrel-macos-x86_64 | 1.2 | NOTE | ||||
r-oldrel-windows-ix86+x86_64 | 1.2 | 20.00 | 110.00 | 130.00 | NOTE |
Version: 1.2
Check: R code for possible problems
Result: NOTE
.grid.matrix: no visible global function definition for 'slot'
.matrix2grid: no visible global function definition for 'as'
.poly2grid: no visible global function definition for 'is'
.poly2grid: no visible global function definition for 'slot'
.poly2grid: no visible global function definition for 'as'
.pycno.core : smooth2D : s1d: no visible global function definition for
'filter'
.pycno.core: no visible global function definition for 'flush.console'
.pycno2matrix: no visible global function definition for 'slot'
Undefined global functions or variables:
as filter flush.console is slot
Consider adding
importFrom("methods", "as", "is", "slot")
importFrom("stats", "filter")
importFrom("utils", "flush.console")
to your NAMESPACE file (and ensure that your DESCRIPTION Imports field
contains 'methods').
Flavors: r-devel-linux-x86_64-debian-clang, r-devel-linux-x86_64-debian-gcc, r-devel-linux-x86_64-fedora-clang, r-devel-linux-x86_64-fedora-gcc, r-patched-linux-x86_64, r-release-linux-x86_64, r-release-macos-arm64, r-release-macos-x86_64, r-release-windows-x86_64, r-oldrel-macos-arm64, r-oldrel-macos-x86_64, r-oldrel-windows-ix86+x86_64