Last updated on 2022-04-24 03:52:34 CEST.
Flavor | Version | Tinstall | Tcheck | Ttotal | Status | Flags |
---|---|---|---|---|---|---|
r-devel-linux-x86_64-debian-clang | 1.0 | 1.47 | 50.42 | 51.89 | NOTE | |
r-devel-linux-x86_64-debian-gcc | 1.0 | 1.85 | 38.80 | 40.65 | NOTE | |
r-devel-linux-x86_64-fedora-clang | 1.0 | 65.34 | NOTE | |||
r-devel-linux-x86_64-fedora-gcc | 1.0 | 51.41 | NOTE | |||
r-patched-linux-x86_64 | 1.0 | 2.37 | 49.20 | 51.57 | NOTE | |
r-release-linux-x86_64 | 1.0 | 2.21 | 49.10 | 51.31 | NOTE | |
r-release-macos-arm64 | 1.0 | NOTE | ||||
r-release-macos-x86_64 | 1.0 | NOTE | ||||
r-release-windows-x86_64 | 1.0 | 9.00 | 61.00 | 70.00 | NOTE | |
r-oldrel-macos-arm64 | 1.0 | NOTE | ||||
r-oldrel-macos-x86_64 | 1.0 | NOTE | ||||
r-oldrel-windows-ix86+x86_64 | 1.0 | 5.00 | 42.00 | 47.00 | NOTE |
Version: 1.0
Check: R code for possible problems
Result: NOTE
chooseMDoubleBootstrap: no visible global function definition for
'model.matrix'
chooseMDoubleBootstrap: no visible global function definition for
'as.formula'
chooseMDoubleBootstrap: no visible global function definition for
'model.frame'
chooseMDoubleBootstrap: no visible global function definition for 'lm'
chooseMDoubleBootstrap: no visible global function definition for
'coef'
chooseMDoubleBootstrap: no visible global function definition for
'quantile'
chooseMDoubleBootstrap: no visible global function definition for
'qnorm'
getModel: no visible global function definition for 'lm'
getModel: no visible global function definition for 'model.matrix'
getModel: no visible global function definition for 'as.formula'
getModel: no visible global function definition for 'model.frame'
getModel: no visible global function definition for 'model.response'
getModel: no visible global function definition for 'coef'
getModel: no visible global function definition for 'qnorm'
qLearn: no visible global function definition for 'model.matrix'
qLearn: no visible global function definition for 'as.formula'
qLearn: no visible global function definition for 'model.frame'
qLearn: no visible global function definition for 'coef'
qLearn: no visible global function definition for 'lm'
qLearn: no visible global function definition for 'quantile'
Undefined global functions or variables:
as.formula coef lm model.frame model.matrix model.response qnorm
quantile
Consider adding
importFrom("stats", "as.formula", "coef", "lm", "model.frame",
"model.matrix", "model.response", "qnorm", "quantile")
to your NAMESPACE file.
Flavors: r-devel-linux-x86_64-debian-clang, r-devel-linux-x86_64-debian-gcc, r-devel-linux-x86_64-fedora-clang, r-devel-linux-x86_64-fedora-gcc, r-patched-linux-x86_64, r-release-linux-x86_64, r-release-macos-arm64, r-release-macos-x86_64, r-release-windows-x86_64, r-oldrel-macos-arm64, r-oldrel-macos-x86_64, r-oldrel-windows-ix86+x86_64