Last updated on 2022-04-24 03:52:34 CEST.
Flavor | Version | Tinstall | Tcheck | Ttotal | Status | Flags |
---|---|---|---|---|---|---|
r-devel-linux-x86_64-debian-clang | 1.0.3 | 186.01 | 64.79 | 250.80 | OK | |
r-devel-linux-x86_64-debian-gcc | 1.0.3 | 153.54 | 47.62 | 201.16 | OK | |
r-devel-linux-x86_64-fedora-clang | 1.0.3 | 374.54 | NOTE | |||
r-devel-linux-x86_64-fedora-gcc | 1.0.3 | 322.27 | OK | |||
r-patched-linux-x86_64 | 1.0.3 | 148.01 | 60.65 | 208.66 | OK | |
r-release-linux-x86_64 | 1.0.3 | 116.47 | 59.41 | 175.88 | OK | |
r-release-macos-arm64 | 1.0.3 | NOTE | ||||
r-release-macos-x86_64 | 1.0.3 | NOTE | ||||
r-release-windows-x86_64 | 1.0.3 | 155.00 | 109.00 | 264.00 | OK | |
r-oldrel-macos-arm64 | 1.0.3 | NOTE | ||||
r-oldrel-macos-x86_64 | 1.0.3 | NOTE | ||||
r-oldrel-windows-ix86+x86_64 | 1.0.3 | 447.00 | 104.00 | 551.00 | OK |
Version: 1.0.3
Check: installed package size
Result: NOTE
installed size is 5.1Mb
sub-directories of 1Mb or more:
libs 4.6Mb
Flavors: r-devel-linux-x86_64-fedora-clang, r-release-macos-arm64, r-release-macos-x86_64, r-oldrel-macos-arm64, r-oldrel-macos-x86_64